p?
True
Let b be -8*(0 - 3)/6. Let n be (-4)/(-56)*b*14. Suppose 207 = 3*m + 3*x, n*m - 3*x = 3*m + 49. Is m a multiple of 16?
True
Let c = 182 - -217. Is c a multiple of 57?
True
Let j(l) = -12*l + 3 - 10 - 15 - 6. Suppose 2*h - 26 = 4*q, 3*q - 4*q - 3*h - 17 = 0. Is j(q) a multiple of 13?
False
Suppose 21 = 2*s - 5*d - 13, 10 = -5*d. Let r = 15 + s. Does 9 divide r?
True
Let n(r) = -2*r - 11. Let s be n(-16). Suppose 2*u + 3*x = 58 - s, -2*x + 20 = u. Let z = u - 4. Is 5 a factor of z?
True
Let k = 28 + -5. Let z = k + 112. Is z a multiple of 27?
True
Suppose 4*g = -4*k + 2096, k = 3*g + 44 + 464. Is 13 a factor of k?
True
Suppose 574*s = 569*s + 14115. Does 94 divide s?
False
Suppose -738 + 155 = -11*x. Suppose x = 4*r - 231. Is 11 a factor of r?
False
Suppose -4*y = -3*d + 43, 3*d + 4*y - 78 = y. Let v = 69 + d. Is v a multiple of 45?
True
Is 21 a factor of -2 - (-22)/(2 + 9/(-6))?
True
Let o = -160 - -386. Does 12 divide o?
False
Suppose 28 = 5*c + 3. Suppose -z = 2*o - 8, 7 = c*z + 5*o - 13. Suppose -5*i + 390 = 3*f, z = -2*i + i + 5*f + 50. Is i a multiple of 22?
False
Suppose -2*n + 5*t = -6, -2*t - 1 = -n + 2. Suppose 0 = 2*f - n*f + 91. Let i = f - 53. Is 19 a factor of i?
True
Let a(n) = -5*n - 1. Let g be a(1). Suppose -3*j - j = 132. Let t = g - j. Is t a multiple of 9?
True
Suppose -f = 5*j - 79, 0 = -3*f - 0*j + 5*j + 257. Does 12 divide f?
True
Let t(g) = g**3 + g. Let j be t(0). Suppose 2*d - 2*h - 360 = j, 3*d + 3*h - h - 535 = 0. Does 13 divide d?
False
Let h(f) = 291*f - 2. Is 11 a factor of h(9)?
False
Let p(n) = 2 - 9 - 4*n**2 + 3*n**3 - 2*n**3 - 2*n. Let l be (525/(-210))/(1*(-2)/4). Does 2 divide p(l)?
True
Let l be 156/(-1) - (-19 + 19). Let b be l/(-32) - (-1)/8. Suppose 2*c = -2*f + 4 + 22, 3*f - 63 = b*c. Is 8 a factor of f?
True
Let s = 50 + -37. Let w = 180 + s. Does 32 divide w?
False
Let i(p) = 135*p**2 - 1. Let y = -24 + 25. Does 21 divide i(y)?
False
Suppose -2*f - 7 - 3 = 0. Is (2/3)/((-1739)/348 - f) a multiple of 45?
False
Suppose -134 = -2*o - 74. Is 30 a factor of o?
True
Let q be (-1)/(-2) + 1610/28. Let r be (q/(-3))/((-1)/3). Let n = r - 34. Does 6 divide n?
True
Let y(j) = j + 5. Let l be y(0). Suppose 2*t = l*v - 4*v + 26, 3*t = -4*v + 50. Let b = t - 4. Does 3 divide b?
False
Let u(j) be the second derivative of -j**5/60 + 17*j**4/24 - 13*j**3/6 + j**2 - 2*j. Let s(n) be the first derivative of u(n). Does 12 divide s(11)?
False
Let k = -34 - -34. Suppose 2*s - 2*j - 418 = 0, s + 3*s + 5*j - 845 = k. Does 54 divide s?
False
Let i = 74 - -24. Is i a multiple of 27?
False
Suppose 9*s = x + 7*s - 106, s - 197 = -2*x. Is x a multiple of 4?
True
Suppose 5*d - 5*h = 910, 926 = 7*d - 2*d - h. Suppose -5*k + 3*g + 441 = 0, -2*k - 3*g + g + d = 0. Is k a multiple of 10?
True
Let v = 1 + -1. Let g = -106 - -108. Suppose v*o - 3*i = -4*o + 42, -g = -i. Is 6 a factor of o?
True
Let g(u) = -6 + 10 + 5*u**2 - 2*u**2 - 9 - 4*u. Let s(a) = 4*a**3 - a**2 + a. Let m be s(1). Does 19 divide g(m)?
False
Suppose -3*l + 37*y + 15043 = 42*y, -l - 3*y + 5013 = 0. Is 12 a factor of l?
True
Suppose 8*w - 3*w + 10 = 0. Does 3 divide 18 + (2*w/(-4) - 1)?
True
Let p(q) = 319*q**3 + 2*q**2 + 6*q - 26. Is p(2) a multiple of 6?
False
Suppose 12*k = 8*k - 4. Let y be 0/k + (-9 - -2). Is 14 a factor of (-506)/y - 6/21?
False
Let d(x) = -x**2 - x + 3. Let q be d(0). Suppose u + 4*n - 76 = -q*u, -5*u + 113 = -4*n. Does 12 divide u?
False
Let j = -61 - -69. Let b(i) = -i**3 + 10*i**2 - 7*i + 1. Does 23 divide b(j)?
False
Suppose -1216 = -3*w - 5*l, 0 = 3*w + 25*l - 23*l - 1219. Is w a multiple of 38?
False
Let w be (14/(-3))/(10/(-675)). Suppose -807 - w = -11*o. Is 17 a factor of o?
True
Suppose 10 = 2*j, -5*x - 2*j = 362 + 3. Is 27 a factor of (-405)/x*(3 - (0 - 2))?
True
Let n be 45/35 + -1 - (-26)/7. Does 19 divide (-12068)/(-56) - (-2)/n?
False
Suppose -x = -6 + 3. Suppose 6 = x*v - 2*h - 1, -3*v - 7 = 5*h. Does 8 divide -12*(4/(-6))/v?
True
Let r(z) = -5*z + 11. Let f(l) = l**2 - 2*l + 7. Let h be f(3). Let k be r(h). Let i = k - -79. Is 20 a factor of i?
True
Let x(r) = -212*r + 549. Is 84 a factor of x(-6)?
False
Let u(k) = -k**3 - 8*k**2 - 9*k - 12. Let q be u(-5). Let j = q + 79. Is j a multiple of 10?
False
Is 15 a factor of -1*(2 + -1) - (-888 + -9)?
False
Suppose 5*f = 7*k - 2*k + 55, f - 26 = 4*k. Suppose -7*v + 592 = -80. Is 12 a factor of (1 - 3/f)*v?
True
Is 20 a factor of 361 + ((-72)/(-9) - 1)?
False
Let w(o) = -o - 2. Let p(x) = -10*x - 6. Let j(q) = -p(q) - 5*w(q). Is 16 a factor of j(8)?
False
Does 14 divide (-3459)/(-36) - (-34)/(-408)?
False
Suppose 8*c - 3568 - 29168 = 0. Is 22 a factor of c?
True
Let x = -546 + 997. Does 53 divide x?
False
Let w(o) = o**3 + 6*o**2 - 5*o - 6. Let f be w(-8). Let k = f + 134. Is 10 a factor of k?
True
Let p = -10 - -6. Let q(h) = h**3 + 3*h**2 - 3*h + 6. Let n be q(p). Suppose 0*t + 3*t - 73 = -5*d, -n = -d. Does 15 divide t?
False
Let r = -1 + 5. Suppose k - f - 4 = 0, 5*f = -r*k + f + 16. Suppose t + k*t - 220 = 0. Is t a multiple of 8?
False
Suppose 0 = -q + 3*o - 60, 5*q - o + 245 = 3*o. Let v = 3 - q. Does 10 divide v?
False
Let f(n) be the third derivative of n**4/8 - n**3 + 2*n**2. Let m = 10 + -5. Is 6 a factor of f(m)?
False
Let f(p) = -23*p - 272. Is f(-35) a multiple of 13?
True
Suppose 0 = -2*l + 2 + 2. Let x be (-1 + -4)/(l/4). Let z(t) = -6*t - 15. Is z(x) a multiple of 19?
False
Suppose -2*q - 2*q = 0. Let r = -263 - -267. Suppose -y + 12 - r = q. Is 7 a factor of y?
False
Let t be (-2 - 1) + 28/4. Suppose -t*b - 51 = 2*o - 267, -2*o + b = -216. Is 18 a factor of o?
True
Is (-7 - -1418) + 15 + (-2)/1 a multiple of 16?
True
Suppose -16 = 4*q, -150 = -8*i + 6*i - 5*q. Is i even?
False
Let z(v) = -6*v**2 + 5*v. Let g(b) = 7*b**2 - 4*b + 1. Let p(o) = 5*g(o) + 6*z(o). Let s be p(11). Does 4 divide 92/22 + s/33?
True
Let k(p) = -p + 14. Let u be k(12). Suppose u = -w - 2, -5*w - 12 = -i. Let o(g) = -g**3 - 7*g**2 + 6*g - 5. Is o(i) a multiple of 9?
False
Let n be 2/(-3) + 17/3. Suppose 0 = -5*i + z + 14, 2*i - 8 = -z - z. Suppose -61 = -i*x + 5*v + n, 3*x - 54 = v. Is x a multiple of 3?
False
Let g = 19 + 285. Does 38 divide g?
True
Suppose -5*x - 7905 = -3*g, 4*g + 2*x + 4610 - 15176 = 0. Does 66 divide g?
True
Is (-113390)/(-75) - 2/(-15) a multiple of 36?
True
Let v = -2 + 6. Suppose -v*n + 135 = n. Is n a multiple of 27?
True
Suppose 5*l - 5*c = 3490, -2793 = -4*l + 4*c + c. Is l a multiple of 41?
True
Suppose 2*d - 44 = -i - 3*i, -4*d = 2*i - 16. Suppose 318 = 2*n - i. Is 15 a factor of n?
True
Suppose -165 - 443 = -8*l. Is l a multiple of 31?
False
Suppose 2*g = x - 13, 9*x - g = 4*x + 74. Suppose -t - u = -7, 0 = -2*u - u + x. Let z = t + 30. Does 11 divide z?
False
Suppose 0 = 5*b - 0*b + 3*p - 16, 0 = 2*b - 3*p - 19. Suppose -u = -b*u + 276. Let m = u - 47. Is 9 a factor of m?
False
Suppose -4770 - 6010 = -11*q. Is 14 a factor of q?
True
Let q be (-2 + (-2)/4)/(1/(-2)). Suppose 206 = q*l - 89. Is 18 a factor of l?
False
Suppose -2*h - 3*g + g = -6, 0 = 4*g + 4. Let a(k) = -2*k**3 + 196*k + h*k**2 - 7 + k**3 - 194*k. Is a(3) a multiple of 8?
True
Let y(t) = -t + 13. Let r be y(11). Suppose -r*l = -l - 43. Is l a multiple of 15?
False
Suppose 2*i - 15 = -11. Suppose 0 = j - 2*r - 99, 202 - 19 = i*j + r. Does 12 divide j?
False
Let b = -982 + 2315. Is b a multiple of 8?
False
Let b(d) = -d**3 + 2*d + 2. Let q be b(-1). Suppose 4*l - 2*n + 1 = -1, -4*n = 5*l - 30. Is q/2 - (-131)/l a multiple of 22?
True
Suppose -3*d - 5*w = 245 - 880, -5*d = 3*w - 1053. Does 21 divide d?
True
Let b(a) = -11*a**2 + 3*a - 2. Let h be b(1). Let l = h - -36. Is l a multiple of 4?
False
Does 13 divide (-228)/456 - (-1 + 2286/(-4))?
True
Suppose 0*a = 3*a - 54. Does 12 divide (64/(-12))/(15/a - 1)?
False
Suppose f - 5 = -0*f. Suppose -3*k = f*c - 452, 4*k = -2*c + 3*c + 572. Does 36 divide k?
True
Let x be -3 - 15/(20/4). Does 7 divide (-640)/x - 4/6?
False
Let g(a) = a**3 + 2*a**2 + 1. Let i be g(-2). Let f = 1 - i. Is 20 a factor of (-1 + f)*(-120)/2?
True
Let o be 9/(18/4) - -114. Let s be (-6)/(-21) + o/(-14). Let g = s - -18. Is 5 a factor of g?
True
Suppose 17 + 7 = 4*y. Let w be y/(-9) + 35/3. Does 32 divide 1234/w + (-14)/77?
False
Let h be 0/(3 + 15/(-3)). Let s(z) = 19 + 